(-14). Suppose g = -2*o - 4*l, 5*o + 0*o - 3*l = 42. Does 6 divide o?
True
Let a(h) = 5*h**2 - 7*h - 3. Let g be a(6). Let m = -55 - 26. Let n = m + g. Is n a multiple of 27?
True
Let g = -4 - -10. Let n(w) = w**2 - 7*w - 8. Let o be n(g). Let a = 36 + o. Does 22 divide a?
True
Let i = 1345 - 882. Does 53 divide i?
False
Let d = -78 + 85. Suppose -d*k - 184 = -9*k. Is 8 a factor of k?
False
Suppose 2*y + 0 - 2 = 0, 4*g = y - 65. Let q = -22 - g. Is (-40 - -1)*4/q a multiple of 26?
True
Let y(c) = -6*c - 18. Let t(x) = 3*x + 9. Let p(j) = -5*t(j) - 2*y(j). Let r be p(-4). Suppose -r*f + 57 = -45. Is f a multiple of 17?
True
Let d be 8 + 10/5 + -3. Let t = d + 33. Is t a multiple of 10?
True
Let u be -59 + -2 - 7/(-7). Let h = u - -212. Is 38 a factor of h?
True
Let c = 108 - -238. Is 19 a factor of c?
False
Let g = 5 - 44. Let m = -15 - g. Is 4 a factor of m?
True
Let i(d) = -d**2 + 12*d + 2. Let t be i(12). Suppose -t*x - 308 = -6*x. Suppose 0 = -h + 4*o + x, 130 = -0*h + 2*h - 2*o. Does 18 divide h?
False
Let v be ((-6)/(-15))/(((-6)/(-15))/(-2)). Let q(l) = 22*l**2 + l - 2. Does 28 divide q(v)?
True
Suppose 0 = -4*i - 6 - 10. Is (i - -3)*(1 + -199) a multiple of 33?
True
Let g(j) = -4*j**2 - 209*j - 78. Is g(-47) a multiple of 22?
False
Suppose -2*j - 1356 = -6*j. Suppose -l + 3*q = -105, -3*l + 3*q = 6*q - j. Is 37 a factor of l?
True
Suppose -2966 = -4*h + 1858. Is 18 a factor of h?
True
Suppose -13*x + 1906 = -3567. Is 33 a factor of x?
False
Suppose 5*o - 7*o + 986 = 0. Does 17 divide o?
True
Let n = 52 + -30. Let d = n - -9. Does 5 divide d?
False
Let p = 46 + -30. Let s = p - -68. Suppose g - 3*g = -s. Does 21 divide g?
True
Let z(s) = s**3 + 9*s**2 + 5*s - 9. Is z(-5) a multiple of 6?
True
Let f(m) = 4*m**2 - 3*m + 3*m**3 + 2*m - m**3 - m + 0*m. Let g be (-1)/(-3)*(-18)/(-2). Does 35 divide f(g)?
False
Let z = -88 + 158. Suppose 10 = 4*a - z. Is a a multiple of 5?
True
Suppose -2*b = 3*z + 10, 15 + 0 = -3*b + 5*z. Is 2 a factor of (15 - 2)*(b - -6)?
False
Let n = -7 + 13. Suppose 2*a + 126 = 16*a. Does 5 divide n/a - (-172)/12?
True
Suppose 23 - 77 = -3*l. Let d = 23 - l. Suppose d*r - 67 = -3*a, -3*a + 0 = -12. Is 11 a factor of r?
True
Let d(i) = i**2 - 9*i + 323. Does 5 divide d(0)?
False
Let p(s) = s**3 + 9*s**2 + 7*s - 5. Let u be p(-8). Suppose -2*i + 233 = q, 3*i = 4*i - u*q - 113. Is 29 a factor of i?
True
Suppose -3*a + 98 = -4*a. Let s = 154 + a. Does 28 divide s?
True
Let p(k) = k**3 + 16*k**2 - 80*k + 2. Is p(6) even?
True
Let r = 200 - 60. Is r a multiple of 35?
True
Suppose 7*s = -66 - 249. Let y = s - -71. Does 7 divide y?
False
Let i = 357 + -141. Is 36 a factor of i?
True
Let g be ((-6)/(-5))/((-10)/(-125)). Let s = g + -8. Suppose -117 = 4*z - s*z. Is 13 a factor of z?
True
Let a(h) = -h**2 - 19*h - 20. Let x be a(-20). Let b = 46 + x. Is 3 a factor of b?
True
Suppose -6*u = 2*l - 5*u - 457, -5*u = -5*l + 1135. Is l a multiple of 6?
True
Suppose -7570 - 15880 = -25*b. Does 67 divide b?
True
Let o = -12 - -16. Suppose -3*r - 16 = o*n, -r + 3*n + 12 = -0*r. Suppose r*b = -b + 5*q - 10, -b + 3*q - 2 = 0. Does 10 divide b?
True
Suppose 2*l - 61 = -17. Let a = 9 + l. Does 16 divide a + (-12)/(-3) + -3?
True
Let o = 29 + -31. Let x(k) be the second derivative of k**4 - k**3/2 - k**2 + 5*k. Does 13 divide x(o)?
True
Let h(m) = m**2 + 19*m - 4. Is 16 a factor of h(-47)?
True
Suppose 0 = -2*n + 37 - 29. Suppose n*u - 136 = 12. Suppose -6*i - u + 97 = 0. Does 2 divide i?
True
Let p(q) = -6*q**3 - 11*q**2 - 32. Does 7 divide p(-6)?
True
Suppose h = -2*v + 3, 3*v = 3*h + 2*v + 5. Let w(i) = 0*i + 12*i**2 + 3*i + 17*i**2 - 2*i + 2. Does 20 divide w(h)?
False
Suppose 15*d - 18101 + 491 = 0. Is d a multiple of 14?
False
Let h = -92 + 1156. Is 19 a factor of h?
True
Let p(j) = j**3 - 4*j**2 + 2*j + 3. Let m be p(3). Suppose 0 = 2*k - 2*l - 12, -3*k + k - l + 9 = m. Suppose 0*o = -k*o + 300. Does 9 divide o?
False
Suppose 26002 = 47*z - 33218. Is z a multiple of 128?
False
Let u = -34 - -18. Is 5 a factor of 25 - u/(3 + 1)?
False
Let j = -508 - -589. Does 9 divide j?
True
Let w(x) = 2*x + 130. Is w(-11) a multiple of 4?
True
Let u be (-176)/(-30) - (-16)/120. Suppose 10*s - 11*s + u = 0. Suppose f - s*f + 150 = 0. Is 11 a factor of f?
False
Let v(y) = 4*y - 7. Let a = -22 - -28. Let b be v(a). Is 4 a factor of 0 + -3 + (b - -7)?
False
Suppose 14*s = 11*s. Suppose 4*k = -26 - 14. Is 7 a factor of (s - -60)*(-4)/k?
False
Is 20 a factor of 86/9*13 + (-6)/27?
False
Let j(t) = -t**3 - 5*t**2 - 4*t + 3. Let m be j(-4). Let a = 29 + m. Suppose l = -4 + a. Is 7 a factor of l?
True
Let g = -7 - -11. Let o(b) = g + 0 + 4*b**2 - 2*b + 1 - 7. Does 6 divide o(-2)?
True
Suppose -2*c - v = -0*v + 31, 0 = -c - 5*v - 29. Let d(k) = -10*k**2 - k. Let p be d(1). Let o = p - c. Does 2 divide o?
False
Is (10 + (-10 - 4388))/(-2) a multiple of 14?
False
Does 31 divide 1 + (3/(-12))/((-1)/2908)?
False
Suppose -113*m = -93*m - 6880. Is 27 a factor of m?
False
Let p(c) = c**3 - 5*c**2 - 2*c + 18. Let x(n) = -n - 2. Let s be x(-10). Is 31 a factor of p(s)?
False
Let t(f) = 2*f**2 + 2*f + 1. Let w be t(-2). Suppose -w*y + 3 + 72 = 0. Does 3 divide y?
True
Let b = 2499 - 1475. Is b a multiple of 31?
False
Suppose 17*t = 22*t + 85. Let o(k) = -k**2 - 24*k - 5. Is o(t) a multiple of 19?
True
Suppose 38*d = 32*d + 888. Is 14 a factor of d?
False
Suppose -7*c = -0*c + 497. Let h = c - -294. Is h a multiple of 17?
False
Is 46 a factor of (92/(-6))/((-27)/486)?
True
Let d = 444 + -257. Let w = d + 38. Is w a multiple of 25?
True
Let v = -241 - -521. Does 28 divide v?
True
Let v = 48 - 15. Suppose -3*g = -66 - v. Is g a multiple of 11?
True
Let c = 4419 + -2943. Does 18 divide c?
True
Suppose 0 = 27*x - 3480 - 5295. Does 23 divide x?
False
Let a = 1044 - -633. Is 78 a factor of a?
False
Let m(i) = -7*i - 6. Let z(y) = -14*y - 12. Let t(g) = 7*m(g) - 3*z(g). Suppose -5*j + 5*r - 1 = 4, 28 = -4*j - 4*r. Is 22 a factor of t(j)?
True
Suppose -3*v - 22*i + 24*i = -3896, -8 = -4*i. Does 26 divide v?
True
Let a = 138 + -145. Let l(s) = 9*s**2 + s - 31. Is l(a) a multiple of 53?
False
Suppose -3*y = -5*m + 1, y + 6*m - 23 = 3*m. Suppose 4*l = 4*n + 8, -3*n + 3*l - y = -l. Let i = n - -2. Is i a multiple of 2?
True
Let h(m) = 12*m**2 - 21*m + 14. Is h(-8) a multiple of 11?
False
Let x = -526 - -963. Does 13 divide x?
False
Suppose -10 = 3*f - 2*w, -2*f - 2*f = -5*w + 18. Does 12 divide 1*-40*3/f?
True
Suppose -2*w + 14 = -t + 1, 12 = 2*w - 2*t. Suppose -2*z + c - 446 = -w*z, 3*z + 2*c - 262 = 0. Is 10 a factor of z?
True
Let y = 5610 - 2543. Does 15 divide y?
False
Suppose 4*m = -4*h + 512, 0*h + 640 = 5*m + h. Let k = -80 + m. Is k a multiple of 18?
False
Let u = -2 - -7. Suppose 2*m = u*m - 54. Is 5 a factor of m?
False
Let a(l) = -89*l**3 - l. Suppose h + 124 = 5*h - 5*y, -5*h + 3*y = -142. Let q be (39/h)/(3/(-2)). Is 18 a factor of a(q)?
True
Suppose c = 4*p, -4*p + 0*c = c. Suppose p = -5*m + m + 48. Is (1/2)/(2/m) even?
False
Suppose 0 = 5*q - 19 - 11. Let z be -5*(-96)/30*2*2. Is q/2*z/24 a multiple of 8?
True
Suppose 0 = -2*q - 2, 9*m - 4*m = -3*q + 657. Let g = m + -48. Does 11 divide g?
False
Is (-47106)/(-42) - 5 - 4/7 a multiple of 9?
True
Let t = 26 - 6. Is (t/3)/(10/90) a multiple of 10?
True
Let l(i) = -i**3 + 7*i**2 - 6*i. Let u be l(6). Suppose -6*b + 3*b - 15 = u. Is 24 a factor of 44 + b/(20/(-12))?
False
Suppose 5*f + 4*x - 4658 = 0, -2*f + 4*x + 1852 = -0*f. Is f a multiple of 15?
True
Let h = -203 - -132. Let x = h - -137. Is 8 a factor of x?
False
Let w = -5 - -10. Is 12 a factor of w/((1/(-3))/(16/(-6)))?
False
Suppose -7284 = -5*r - 2*o, -14*o = -2*r - 17*o + 2907. Does 8 divide r?
False
Suppose 0 = -5*o - 66 + 91. Suppose 5*x = -o*j + 113 + 77, -3*j + 4*x = -86. Is 10 a factor of j?
False
Suppose v = -2*q + 121 + 274, -q = -4*v - 202. Suppose -q = -6*i + 3*i. Is 19 a factor of i?
False
Suppose -5*b - 53 = -6*b. Let r = b - -187. Is r a multiple of 10?
True
Let w be (1*-1983)/(2 + -3). Let r = 945 - w. Is 21 a factor of (-4)/(-26) - r/13?
False
Let w(n) = n**3 + 16*n**2 + 7*n - 10. Is w(-6) even?
True
Let c = 8 - 5. Suppose x + 5*k = -c*x + 24, -2*x + 2*k + 12 = 0. Let h = 0 + x. Does 4 divide h?
False
Let x = -4 - 0. Let r = x - -4. Is 12 a fact